osite?
True
Is 15190159471 composite?
True
Is 4277016343 a composite number?
False
Is 640462541 a prime number?
True
Is 4476805901 a prime number?
True
Is 5971962749 a prime number?
True
Is 35730472691 a prime number?
True
Is 341299757 composite?
False
Is 24388528111 a prime number?
True
Is 840829247 a prime number?
True
Is 1417979193 prime?
False
Is 284079220829 composite?
True
Is 11249552693 a composite number?
True
Is 5027716819 a prime number?
True
Is 239172503 a composite number?
False
Is 11942991161 a prime number?
False
Is 42347233 composite?
False
Is 25349105147 a composite number?
True
Is 15363224339 a composite number?
False
Is 581289634 prime?
False
Is 2119417519 a prime number?
False
Is 15115015481 composite?
True
Is 515488751 prime?
False
Is 161912041 prime?
False
Is 18416517421 composite?
True
Is 2507085743 prime?
False
Is 35014830451 a composite number?
False
Is 129184251127 a prime number?
True
Is 1762162327 composite?
True
Is 1043600729 prime?
False
Is 1335026837 prime?
False
Is 22240242923 prime?
True
Is 1533195949 a composite number?
True
Is 1239766873 a prime number?
True
Is 4316911627 a composite number?
True
Is 9728280449 a composite number?
False
Is 297932009 composite?
False
Is 596250709 a prime number?
True
Is 57946769 a prime number?
True
Is 51400418749 a prime number?
True
Is 16165866293 prime?
False
Is 43623277953 a composite number?
True
Is 498344257 a composite number?
False
Is 132040017719 a prime number?
False
Is 1844517601 composite?
False
Is 10648777294 a prime number?
False
Is 5797963003 prime?
False
Is 644212574 a composite number?
True
Is 684073351 composite?
True
Is 89278919 composite?
False
Is 47031457921 composite?
True
Is 32652077 a composite number?
False
Is 5849425921 a composite number?
False
Is 159003409 a prime number?
True
Is 6887410349 a composite number?
False
Is 21221387651 a prime number?
False
Is 12559671487 prime?
False
Is 37967717999 prime?
True
Is 60538609 a composite number?
True
Is 1733164519 composite?
False
Is 15579337 a composite number?
True
Is 59916803 a prime number?
False
Is 51827413 prime?
False
Is 12076940371 a prime number?
True
Is 603653761 prime?
True
Is 2348561287 composite?
False
Is 20779739657 a composite number?
True
Is 373797713 prime?
True
Is 1628181209 a prime number?
True
Is 1152579503 prime?
True
Is 21515415343 composite?
True
Is 381904013 composite?
False
Is 5903374823 composite?
False
Is 1074824897 a prime number?
True
Is 1064295101 composite?
True
Is 121258920857 a composite number?
False
Is 135188693 prime?
True
Is 4449632783 a composite number?
True
Is 470811931 a prime number?
False
Is 9283905179 composite?
True
Is 4822761455 prime?
False
Is 6247255031 a composite number?
False
Is 6683416143 composite?
True
Is 6409811609 a composite number?
True
Is 321046931 composite?
False
Is 1489351 prime?
True
Is 23877991567 prime?
False
Is 449307577 composite?
False
Is 1008616207 prime?
False
Is 1044407761 composite?
True
Is 28224350503 composite?
True
Is 74703833417 a prime number?
False
Is 2156085859 a composite number?
True
Is 2218110969 composite?
True
Is 88090157369 a composite number?
True
Is 2972822179 prime?
False
Is 46142643383 a prime number?
True
Is 550897207 prime?
False
Is 2829081089 a prime number?
True
Is 14982739097 a prime number?
False
Is 375750329 prime?
True
Is 2616591119 prime?
True
Is 25177727417 prime?
True
Is 6127265357 a prime number?
False
Is 384661217 composite?
False
Is 370870127 prime?
True
Is 87451709 prime?
True
Is 16046831389 composite?
False
Is 3074836859 prime?
True
Is 89358294659 a composite number?
False
Is 2067291995 prime?
False
Is 191162533 prime?
False
Is 1429496903 a prime number?
False
Is 25232552099 a composite number?
False
Is 1213678829 a prime number?
False
Is 1113369469 a prime number?
True
Is 1156546393 a composite number?
False
Is 3845485471 a composite number?
False
Is 12793511311 composite?
True
Is 12589818103 a composite number?
False
Is 1524712181 a composite number?
True
Is 195553386433 a prime number?
True
Is 100278253 a prime number?
True
Is 478640641 a composite number?
False
Is 5788546079 prime?
False
Is 3333775751 a prime number?
True
Is 8200210927 prime?
False
Is 2641046651 a composite number?
False
Is 31699018671 prime?
False
Is 227050955 composite?
True
Is 6791173673 prime?
False
Is 981039307 a composite number?
False
Is 2908764241 composite?
False
Is 3604946813 a composite number?
True
Is 125869246501 a composite number?
True
Is 2900034797 a composite number?
True
Is 93294859067 a composite number?
False
Is 477401707 a composite number?
True
Is 24575562937 composite?
False
Is 255136733 a composite number?
False
Is 39407908979 a composite number?
True
Is 845095283 prime?
False
Is 2372797363 composite?
True
Is 14040474953 a composite number?
False
Is 1025051471 a prime number?
True
Is 5057862841 composite?
True
Is 234227849 a prime number?
True
Is 270146537 a composite number?
False
Is 2051416441 a prime number?
True
Is 67081167089 composite?
False
Is 52427311 a prime number?
False
Is 154215331 prime?
False
Is 2106021563 a prime number?
True
Is 16694506459 prime?
True
Is 2300445617 a composite number?
True
Is 6052975193 a composite number?
False
Is 41035873927 prime?
False
Is 19257207121 composite?
True
Is 1160241629 a prime number?
False
Is 599241977 composite?
True
Is 4407716113 composite?
True
Is 667871041 prime?
False
Is 15492176107 a composite number?
False
Is 2063771867 prime?
True
Is 34533473999 composite?
True
Is 634297187 prime?
True
Is 3358375451 a composite number?
True
Is 8154453703 a prime number?
False
Is 10446756497 composite?
True
Is 774730349 composite?
True
Is 12282204293 a composite number?
False
Is 5984443721 a composite number?
True
Is 195807679 composite?
True
Is 458164177 a composite number?
False
Is 7840300217 prime?
False
Is 2922309651 composite?
True
Is 312987593 composite?
False
Is 998949899 a prime number?
False
Is 320473889 a composite number?
False
Is 742208003 composite?
False
Is 5936484647 a prime number?
False
Is 13386655609 a composite number?
False
Is 1166782069 composite?
False
Is 4638325831 prime?
True
Is 12071334739 a prime number?
False
Is 37432242143 a composite number?
False
Is 151276163 a composite number?
False
Is 159334942891 prime?
True
Is 4004211797 a prime number?
True
Is 3974503207 a prime number?
False
Is 683450401 composite?
False
Is 22300262471 a prime number?
False
Is 4452266123 prime?
False
Is 7728652237 prime?
False
Is 59120927 a composite number?
False
Is 3599519037 a composite number?
True
Is 35802505861 a prime number?
True
Is 114188257 prime?
False
Is 49149696209 a prime number?
True
Is 3186987823 prime?
True
Is 3854839577 a prime number?
True
Is 1588408529 prime?
True
Is 33924658879 composite?
False
Is 2177741347 a composite number?
False
Is 2723591551 a prime number?
False
Is 101881019 a composite number?
False
Is 50695664137 composite?
False
Is 513799639 a prime number?
True
Is 868653521 a composite number?
True
Is 278122051 a prime number?
False
Is 12725550947 a prime number?
True
Is 12368176391 composite?
True
Is 7396551047 a prime number?
True
Is 1410467281 prime?
False
Is 3611871019 a prime number?
True
Is 4784238439 prime?
False
Is 3148494829 a composite number?
True
Is 63949268213 composite?
True
Is 2572184581 a composite number?
True
Is 1592618861 a prime number?
False
Is 3412943507 a composite number?
False
Is 141621229 a prime number?
False
Is 26010620443 composite?
True
Is 21551454679 composite?
True
Is 1943790109 a prime number?
True
Is 18195826403 a composite number?
False
Is 4420648178 a prime number?
False
Is 7976870933 a prime number?
True
Is 33573947591 composite?
True
Is 24538728181 prime?
False
Is 22789685 prime?
False
Is 102387049 prime?
False
Is 1034471563 composite?
False
Is 15700105013 prime?
False
Is 7038211333 a composite number?
False
Is 76476671 a composite number?
False
Is 10909219163 prime?
True
Is 28966302577 a prime number?
True
Is 18802838543 prime?
False
Is 12601139713 prime?
True
Is 1300770407 a prime number?
True
Is 26747290781 a prime number?
True
Is 59803632601 a composite number?
False
Is 278106229 a composite number?
True
Is 1944563399 prime?
True
Is 35703257089 a prime number?
True
Is 3671346251 a prime number